f r.
2, 13
Suppose 0 = 3*h + k + 8587 - 32685, 3*k + 24090 = 3*h. List the prime factors of h.
2, 251
Suppose 4*b + 1172 = 8*b. Suppose -5*f = -2*z + 572 + 42, z = -f + b. List the prime factors of z.
3, 11
Let b = 515 + -510. Suppose 4*w - 3*g - 1494 = w, -g - b = 0. List the prime factors of w.
17, 29
Suppose -b = 3*t - 11994, 237*t - 238*t - 3*b = -3998. List the prime factors of t.
2, 1999
Let b(y) = -16*y - 198. Let z be b(-39). Suppose 2874 = 15*i - z. List the prime factors of i.
2, 5, 11
Suppose 288152 = -12*t + 16*t - 2*c, -8*c - 72068 = -t. What are the prime factors of t?
2, 3, 23, 29
Suppose 0 = 154*q - 145*q - 36. Suppose 4*y - q = 0, -2*o + 5*o - 2*y - 3292 = 0. List the prime factors of o.
2, 3, 61
Let c be (21/(-12))/((-5)/20). Suppose 3*p + c = -2*d - 13, 4*p + 48 = -4*d. Let a = -3 - d. What are the prime factors of a?
13
Let a(j) = -59*j**3 + 6*j**2 + j - 13. Let z(m) = -116*m**3 + 12*m**2 + 2*m - 27. Let l(d) = -9*a(d) + 4*z(d). List the prime factors of l(2).
3, 173
Let r = 9 + -4. Suppose 5*c = 4*k - 774, r*k + 0*c - 978 = c. Suppose -2*l = 2*p - k, 218 = -4*p + 2*l + 580. List the prime factors of p.
3, 31
Let o(b) = -484*b**3 - 5*b**2 + b + 2. Let q be o(-2). Suppose 4*g + 0*g = q. What are the prime factors of g?
3, 107
Suppose -3*h + 112214 = -4*y, 0 = 133*h - 136*h - 2*y + 112184. What are the prime factors of h?
2, 3, 23, 271
Suppose 0 = -12*r - 6*r - 6*r + 81768. List the prime factors of r.
3407
Suppose v + 2*o + 16 = -2*o, 2*v = -5*o - 26. Let d = 9 - v. Suppose 0 = -14*y + d*y - 132. What are the prime factors of y?
2, 11
Let i = 10 + 21. Suppose c = -4*w - i, w = -w - 4*c - 26. Let n(u) = u**2 + 6*u - 2. What are the prime factors of n(w)?
5
Let y = -47 + 93. Let l be 6/15 + y/10. Let n(j) = 2*j**3 - 4*j**2 - 7*j - 1. What are the prime factors of n(l)?
2, 3, 19
Let k(n) = 1 - 3 + 8 - 2 - n. Let p be k(2). Suppose 5*t = -2*d + 4, 2*d - t - 4 = -p*t. List the prime factors of d.
2
Suppose -2*p + f + 8755 = 0, p = -122*f + 124*f + 4382. What are the prime factors of p?
2, 547
Let o = 5020 - 244. What are the prime factors of o?
2, 3, 199
What are the prime factors of (-7 - 6/(-1)) + 14673 + -1?
17, 863
Let m(v) be the third derivative of -1/8*v**4 + 0 - 1/6*v**3 - 1/20*v**5 - 19/30*v**6 + 12*v**2 + 0*v. List the prime factors of m(-1).
3, 5
Let c be (-2)/(-3)*90/(-6). Let d be ((-16)/36)/(7/(126/(-4))). What are the prime factors of (-5)/((-75)/132) - d/c?
3
Let g(h) = 31*h - 130. Let m be (-42 + 39)*(-28)/6. What are the prime factors of g(m)?
2, 19
Suppose 130*b = 142*b - 64608. Suppose 127*g + b = 135*g. List the prime factors of g.
673
Suppose 0 = 5*w - 4*c - 16050, -4*w + 2*c + 12840 = 6*c. List the prime factors of w.
2, 3, 5, 107
Suppose -2040 = -1776*i + 1768*i. List the prime factors of i.
3, 5, 17
Suppose c = -3*c - y + 40, -2*c - 5*y = -38. List the prime factors of (0 + (c - 7))*(-2 - -273).
2, 271
Let z(k) = -3*k - 5. Let t(a) = a**3 - 10*a**2 + 14*a - 7. Let n be t(9). Suppose -n*m - 20 = -34*m. What are the prime factors of z(m)?
2, 5
Let v be (9/6)/(-4 + (-236)/(-56)). Suppose 0 = v*g - 3*g - 4. What are the prime factors of (-26)/g*11/33*-15?
2, 5, 13
Suppose -110430 - 4264 + 3190 = -8*c. List the prime factors of c.
2, 3, 23, 101
Let l(y) = 14*y + 90. Suppose -161*v + 163*v - 32 = 0. List the prime factors of l(v).
2, 157
Let t be 10/(-2) + 369/(-27)*-9. Let u = t + 764. What are the prime factors of u?
2, 3, 7
Let o = -173 + 196. Suppose -4960 = -o*u + 13*u. What are the prime factors of u?
2, 31
Let u(c) = -28*c - 80. Let j be u(-3). Suppose 0 = 2*y + 5*v - 1028, -j*y + 10*v = 7*v - 2108. What are the prime factors of y?
2, 131
Let g(q) = -q**3 + 22 + 25*q - 31*q**2 + 48*q**2 + 2. Let k be g(19). Let j = -94 - k. What are the prime factors of j?
3, 43
Let n be ((-2)/25)/(4/(-20))*15. Let m(c) = -18*c - 21. Let r be m(n). Let p = r + 210. List the prime factors of p.
3
Suppose -7*t + 43836 = -13844. What are the prime factors of t?
2, 5, 103
List the prime factors of 25/20*2*(-107276)/(-40)*8.
2, 13, 2063
Let d = 9196 + -5044. What are the prime factors of d?
2, 3, 173
Let t = -19 - -22. Suppose -147 = -4*a + t*a. Let b = a - 20. What are the prime factors of b?
127
Let t(r) = 3*r**2 + 18*r + 94. Let j(p) = -6*p**2 - 19*p - 95. Let a(d) = -2*j(d) - 3*t(d). What are the prime factors of a(21)?
5, 179
Let h(y) = 4 - 7*y**2 + 9 - 162*y + 0*y**3 + 163*y - y**3. Let o be h(-7). Suppose -48 = -o*c + 120. List the prime factors of c.
2, 7
Let u(b) = 3*b**2 + 21*b - 83. Let x(h) = 2*h**3 - h**2 + 2*h + 9. Let p be x(0). What are the prime factors of u(p)?
349
Suppose -41*w + 14 = -39*w. Suppose 1203 = w*i - 519. What are the prime factors of i?
2, 3, 41
Suppose -14*t + 39979 + 29833 = 5*g, 4 = -g. What are the prime factors of t?
2, 29, 43
Let i = -136 + 139. Suppose 0 = 2*a - a + 2*z - 356, -i*z = 9. List the prime factors of a.
2, 181
Suppose -60*p + 301*p + 37*p = 8598262. What are the prime factors of p?
157, 197
Let d be (-1)/(-1) - (15 + -14). Suppose d = w + 6*w - 6496. What are the prime factors of w?
2, 29
Suppose 2*s - 5498 - 4211 = -h, s - h = 4865. What are the prime factors of s?
2, 7, 347
Let m = 7695 - 3037. What are the prime factors of m?
2, 17, 137
List the prime factors of -42195*((-144)/(-60) + -3).
3, 29, 97
Let d(x) = -2*x**2 - 40*x + 3. Let q be d(-20). Let i be (q - -15)*61/3. Let c = -253 + i. What are the prime factors of c?
113
Suppose -3*o = 4*t - 10136, -o + 4 = -2*o. Suppose 12*y = 1819 + t. List the prime factors of y.
3, 11
Let n(p) = -p**3 + 18*p**2 + p + 31. Let o be n(22). What are the prime factors of o/(49/(-7)) - 5?
2, 3, 11
Let j(m) be the second derivative of m**5/20 + m**4/12 - 7*m**3 + 30*m. What are the prime factors of j(-6)?
2, 3
Let w be 40*19/((-665)/(-84)). Suppose -94*k - 758 = -w*k. List the prime factors of k.
379
Let x = 182 + -92. Suppose -16*g - 266 = 3*g. List the prime factors of g/(-6)*(6/(-2) + x).
7, 29
Let z be (8300/15)/(4*(-2)/(-24)). Suppose y + 2*x = -4*y + 1665, 3*x = -5*y + z. What are the prime factors of y?
5, 67
Let z be (-1)/5*3 + (-2972)/(-20). Let x = z + 298. What are the prime factors of x?
2, 223
Let w(z) = z**3 - 3*z**2 - 2*z + 8. Let f be w(3). Suppose 0 = -f*l - 5*q, 2*l - 2*q = -0*l. Suppose 0 = 2*u - l*u - 228. What are the prime factors of u?
2, 3, 19
Let f(v) = 790*v + 657. List the prime factors of f(38).
30677
Suppose 34 = 22*m - 120. Let k(q) = 18*q**2 - 20*q - 25. List the prime factors of k(m).
3, 239
List the prime factors of -743*16/(-12) - ((-38)/(-6))/(-19).
991
Let c(h) = 3*h**2 + 231*h - 3013. What are the prime factors of c(84)?
23, 71
Let i = 2357 - 1385. Suppose -18*d + 27*d - i = 0. What are the prime factors of d?
2, 3
Let i be 2*1*(-2)/(-1). Suppose -21*u + u = 0. Suppose u = -i*v + 326 - 78. List the prime factors of v.
2, 31
Let o = 62 - 24. Suppose -5*f + 2*s + o = 0, -s - 30 = -4*f + s. Suppose f*m = m + 469. List the prime factors of m.
67
Suppose -4782*t + 9565*t = 4776*t + 454818. What are the prime factors of t?
2, 3, 7, 13, 17
What are the prime factors of (-134776)/(-20) - (1 + 48/(-40))?
23, 293
Suppose -184 = 5*q - 429. Suppose 0 = 7*z - 63 + q. What are the prime factors of z?
2
Suppose -3*j + 37624 = 2*n, -15*n + 13*n + 62708 = 5*j. What are the prime factors of j?
2, 6271
Let s = 12 - 9. Suppose -d = 4*q - 4, -2*q - 4 = -s*d + 2*d. Suppose q = 5*o + 3*y - 283, -6*o + o = -3*y - 307. List the prime factors of o.
59
Let p(a) = -a**3 + 71*a**2 - 31*a - 4. List the prime factors of p(15).
7, 1733
Let u be 9576/120 - (-2)/10. Let j be 1 + 144 - (-3 - -1). Let w = j - u. List the prime factors of w.
67
Let y be 56/10*(-40)/(-16). Let b(v) = -12*v**3 + 13*v**3 - 16*v - y*v**2 + 5*v - 1 + 4. What are the prime factors of b(15)?
3, 7
What are the prime factors of 81246/14 + 300/(-1050)?
7, 829
Let w(r) = 59*r + 9. Let h be w(7). Suppose 5*y = h + 358. Let k = 237 - y. What are the prime factors of k?
3
Let i be 13170/75 - 3/5. Let s = i + -95. Let q = 181 - s. What are the prime factors of q?
101
Suppose 5*m + 4*p - 6*p = 50, -50 = -5*m + 4*p. Suppose m*s - 8*s = 798. List the prime factors of s.
3, 7, 19
Suppose 4*f - 12 = -36. Let h = f + -16. Let p = 41 + h. What are the prime factors of p?
